
1
What is the hundred thousands digit of 208371039?
3
What is the tens digit of 7142342?
4
What is the billions digit of 2529310372?
2
What is the hundreds digit of 6556221797?
7
What is the ten millions digit of 6899710460?
9
What is the millions digit of 596098530?
6
What is the hundreds digit of 73221092?
0
What is the hundreds digit of 5811391323?
3
What is the hundred millions digit of 238464309?
2
What is the hundred thousands digit of 2919594045?
5
What is the thousands digit of 261843547?
3
What is the tens digit of 58064714?
1
What is the units digit of 42790489?
9
What is the thousands digit of 639051829?
1
What is the hundreds digit of 49682748?
7
What is the thousands digit of 3479626872?
6
What is the units digit of 1362805364?
4
What is the hundred millions digit of 2336772822?
3
What is the hundreds digit of 42056973?
9
What is the ten millions digit of 2287995846?
8
What is the units digit of 2208748143?
3
What is the millions digit of 82517803?
2
What is the thousands digit of 1881488042?
8
What is the ten thousands digit of 3667157?
6
What is the hundreds digit of 52504015?
0
What is the hundred thousands digit of 188753084?
7
What is the hundreds digit of 4788968?
9
What is the tens digit of 1564703973?
7
What is the billions digit of 3818938835?
3
What is the hundred thousands digit of 2981514387?
5
What is the ten millions digit of 690855486?
9
What is the ten millions digit of 91254256?
9
What is the ten thousands digit of 890374237?
7
What is the tens digit of 2436464370?
7
What is the thousands digit of 115461342?
1
What is the units digit of 10430701?
1
What is the hundred thousands digit of 6688323?
6
What is the hundred thousands digit of 59167188?
1
What is the ten millions digit of 21512839?
2
What is the hundred millions digit of 4231316511?
2
What is the thousands digit of 3015628407?
8
What is the hundred thousands digit of 4182686061?
6
What is the ten millions digit of 19591742?
1
What is the tens digit of 45557966?
6
What is the millions digit of 14786967?
4
What is the ten thousands digit of 3820649711?
4
What is the millions digit of 2231752695?
1
What is the millions digit of 4983908744?
3
What is the ten thousands digit of 277856056?
5
What is the ten millions digit of 148279321?
4
What is the millions digit of 1786555362?
6
What is the units digit of 502723189?
9
What is the ten millions digit of 502150932?
0
What is the ten millions digit of 427415908?
2
What is the billions digit of 2868803010?
2
What is the tens digit of 218980557?
5
What is the thousands digit of 108126758?
6
What is the units digit of 22818406?
6
What is the hundred thousands digit of 42876006?
8
What is the tens digit of 2944808401?
0
What is the thousands digit of 74794544?
4
What is the hundred millions digit of 213276249?
2
What is the ten thousands digit of 466372756?
7
What is the hundred thousands digit of 57039334?
0
What is the millions digit of 13169620?
3
What is the tens digit of 547423830?
3
What is the thousands digit of 319069344?
9
What is the millions digit of 450166825?
0
What is the thousands digit of 3236312240?
2
What is the hundred millions digit of 424150758?
4
What is the hundred thousands digit of 11999670?
9
What is the hundred millions digit of 356731319?
3
What is the thousands digit of 540817229?
7
What is the tens digit of 162025299?
9
What is the ten millions digit of 51117474?
5
What is the tens digit of 211938694?
9
What is the ten millions digit of 191816111?
9
What is the tens digit of 26524981?
8
What is the hundreds digit of 654979124?
1
What is the hundreds digit of 52288734?
7
What is the hundred millions digit of 1408607980?
4
What is the millions digit of 643863436?
3
What is the millions digit of 253044202?
3
What is the thousands digit of 887990257?
0
What is the tens digit of 582326070?
7
What is the hundred millions digit of 1314670263?
3
What is the tens digit of 4319800846?
4
What is the billions digit of 1666193370?
1
What is the ten thousands digit of 2127346729?
4
What is the hundreds digit of 76183782?
7
What is the hundred thousands digit of 994392210?
3
What is the tens digit of 45918968?
6
What is the tens digit of 191215595?
9
What is the hundreds digit of 80069482?
4
What is the ten thousands digit of 1524508614?
0
What is the ten millions digit of 240788155?
4
What is the ten millions digit of 2361547644?
6
What is the tens digit of 85130050?
5
What is the ten thousands digit of 55973289?
7
What is the tens digit of 23749437?
3
What is the tens digit of 58133780?
8
What is the hundred thousands digit of 52450135?
4
What is the hundred thousands digit of 134102386?
1
What is the hundreds digit of 939489448?
4
What is the billions digit of 1285911075?
1
What is the tens digit of 1799054263?
6
What is the millions digit of 408342532?
8
What is the tens digit of 4525010831?
3
What is the hundreds digit of 1200563994?
9
What is the units digit of 100616405?
5
What is the ten millions digit of 32255148?
3
What is the hundreds digit of 70828820?
8
What is the ten millions digit of 46588043?
4
What is the millions digit of 1081867619?
1
What is the ten thousands digit of 229497791?
9
What is the hundred thousands digit of 5077085360?
0
What is the hundred millions digit of 694994893?
6
What is the hundreds digit of 3909729244?
2
What is the units digit of 234151007?
7
What is the millions digit of 149326543?
9
What is the hundred millions digit of 299478302?
2
What is the ten thousands digit of 101423132?
2
What is the hundred thousands digit of 698138936?
1
What is the ten millions digit of 978630926?
7
What is the billions digit of 2080319088?
2
What is the units digit of 235266185?
5
What is the ten thousands digit of 429483116?
8
What is the tens digit of 69158616?
1
What is the hundreds digit of 1216961640?
6
What is the ten thousands digit of 56214823?
1
What is the hundred thousands digit of 3192072832?
0
What is the millions digit of 56126935?
6
What is the ten millions digit of 1358938724?
5
What is the units digit of 8879550?
0
What is the millions digit of 18073092?
8
What is the hundred thousands digit of 4848179843?
1
What is the millions digit of 2467261003?
7
What is the ten millions digit of 138075819?
3
What is the units digit of 136483561?
1
What is the tens digit of 1132727454?
5
What is the hundreds digit of 11665314?
3
What is the tens digit of 979090016?
1
What is the units digit of 453183138?
8
What is the hundred thousands digit of 103306381?
3
What is the hundred thousands digit of 1060783133?
7
What is the units digit of 98400921?
1
What is the tens digit of 72135747?
4
What is the tens digit of 81901269?
6
What is the hundreds digit of 6926524919?
9
What is the millions digit of 2350344?
2
What is the hundreds digit of 28478361?
3
What is the ten thousands digit of 85329822?
2
What is the ten thousands digit of 590702453?
0
What is the hundreds digit of 248512597?
5
What is the thousands digit of 180955057?
5
What is the thousands digit of 117079003?
9
What is the hundreds digit of 443303328?
3
What is the ten millions digit of 2642325882?
4
What is the tens digit of 84743205?
0
What is the hundred thousands digit of 3626163473?
1
What is the tens digit of 20392972?
7
What is the ten millions digit of 65052544?
6
What is the ten millions digit of 32781321?
3
What is the hundred thousands digit of 48673936?
6
What is the hundreds digit of 4574126?
1
What is the hundred millions digit of 190427330?
1
What is the ten thousands digit of 191072820?
7
What is the thousands digit of 565488423?
8
What is the ten millions digit of 163107288?
6
What is the units digit of 257615041?
1
What is the thousands digit of 5777838525?
8
What is the hundreds digit of 99445319?
3
What is the tens digit of 55712537?
3
What is the thousands digit of 249709307?
9
What is the ten thousands digit of 149198831?
9
What is the hundreds digit of 227600797?
7
What is the hundred thousands digit of 215398107?
3
What is the hundreds digit of 73863672?
6
What is the ten thousands digit of 851399764?
9
What is the ten thousands digit of 1862562958?
6
What is the units digit of 1042989361?
1
What is the ten millions digit of 123340028?
2
What is the ten thousands digit of 105539073?
3
Wh